{"id":216,"date":"2020-01-11T08:14:02","date_gmt":"2020-01-11T08:14:02","guid":{"rendered":"https:\/\/www.medienzentrum-hof.de\/?page_id=216"},"modified":"2022-02-04T09:55:18","modified_gmt":"2022-02-04T09:55:18","slug":"360-grad-kamera","status":"publish","type":"page","link":"https:\/\/www.medienzentrum-hof.de\/index.php\/geraeteverleih\/360-grad-kamera\/","title":{"rendered":"360 Grad Kamera"},"content":{"rendered":"<h3>INSTA 360 ONE X \/ INSTA 360 ONE R &#8211; 360 Grad Kamera<\/h3>\n<p><img loading=\"lazy\" decoding=\"async\" class=\"alignnone wp-image-214\" src=\"https:\/\/www.medienzentrum-hof.de\/wp-content\/uploads\/2020\/01\/Photo-2020-01-09-15-46-51_649-300x300.jpg\" alt=\"\" width=\"468\" height=\"468\" srcset=\"https:\/\/www.medienzentrum-hof.de\/wp-content\/uploads\/2020\/01\/Photo-2020-01-09-15-46-51_649-300x300.jpg 300w, https:\/\/www.medienzentrum-hof.de\/wp-content\/uploads\/2020\/01\/Photo-2020-01-09-15-46-51_649-1024x1024.jpg 1024w, https:\/\/www.medienzentrum-hof.de\/wp-content\/uploads\/2020\/01\/Photo-2020-01-09-15-46-51_649-150x150.jpg 150w, https:\/\/www.medienzentrum-hof.de\/wp-content\/uploads\/2020\/01\/Photo-2020-01-09-15-46-51_649-768x768.jpg 768w, https:\/\/www.medienzentrum-hof.de\/wp-content\/uploads\/2020\/01\/Photo-2020-01-09-15-46-51_649-270x270.jpg 270w, https:\/\/www.medienzentrum-hof.de\/wp-content\/uploads\/2020\/01\/Photo-2020-01-09-15-46-51_649.jpg 1280w\" sizes=\"auto, (max-width: 468px) 100vw, 468px\" \/><\/p>\n<p>360 Grad Fotos und Videos herstellen<\/p>\n<p>mit dem Tauchgeh\u00e4use auch unter Wasser<\/p>\n<p>das bietet ganz neue M\u00f6glichkeiten der Effektgestaltung und Kameraf\u00fchrung.<\/p>\n<p>Bestens geeignet f\u00fcr die Erstellungung virtueller Rundg\u00e4nge.<\/p>\n<p>Beispiel: <a href=\"https:\/\/www.medienzentrum-hof.de\/index.php\/virtueller-rundgang\/\">Virtueller Rundgang \u2013 Medienzentrum Hof<\/a><\/p>\n<p>Bitte vorher anmelden.<\/p>\n","protected":false},"excerpt":{"rendered":"<p>INSTA 360 ONE X \/ INSTA 360 ONE R &#8211; 360 Grad Kamera 360 Grad Fotos und Videos herstellen mit dem Tauchgeh\u00e4use auch unter Wasser das bietet ganz neue M\u00f6glichkeiten der Effektgestaltung und Kameraf\u00fchrung. Bestens geeignet f\u00fcr die Erstellungung virtueller Rundg\u00e4nge. Beispiel: Virtueller Rundgang \u2013 Medienzentrum Hof Bitte vorher anmelden.<\/p>\n","protected":false},"author":2,"featured_media":0,"parent":32,"menu_order":0,"comment_status":"closed","ping_status":"closed","template":"","meta":{"footnotes":""},"class_list":["post-216","page","type-page","status-publish","hentry"],"_links":{"self":[{"href":"https:\/\/www.medienzentrum-hof.de\/index.php\/wp-json\/wp\/v2\/pages\/216","targetHints":{"allow":["GET"]}}],"collection":[{"href":"https:\/\/www.medienzentrum-hof.de\/index.php\/wp-json\/wp\/v2\/pages"}],"about":[{"href":"https:\/\/www.medienzentrum-hof.de\/index.php\/wp-json\/wp\/v2\/types\/page"}],"author":[{"embeddable":true,"href":"https:\/\/www.medienzentrum-hof.de\/index.php\/wp-json\/wp\/v2\/users\/2"}],"replies":[{"embeddable":true,"href":"https:\/\/www.medienzentrum-hof.de\/index.php\/wp-json\/wp\/v2\/comments?post=216"}],"version-history":[{"count":5,"href":"https:\/\/www.medienzentrum-hof.de\/index.php\/wp-json\/wp\/v2\/pages\/216\/revisions"}],"predecessor-version":[{"id":353,"href":"https:\/\/www.medienzentrum-hof.de\/index.php\/wp-json\/wp\/v2\/pages\/216\/revisions\/353"}],"up":[{"embeddable":true,"href":"https:\/\/www.medienzentrum-hof.de\/index.php\/wp-json\/wp\/v2\/pages\/32"}],"wp:attachment":[{"href":"https:\/\/www.medienzentrum-hof.de\/index.php\/wp-json\/wp\/v2\/media?parent=216"}],"curies":[{"name":"wp","href":"https:\/\/api.w.org\/{rel}","templated":true}]}}